 Calculate the highest common factor of y and z.
9
Suppose 0 = 5*c + 10, v - 18 = -c - 4. What is the highest common divisor of 48 and v?
16
Let t be ((-2)/(-2))/(((-91)/14)/13). Let s(o) be the first derivative of -7*o**2 + 2*o + 1. Let w be s(t). Calculate the greatest common factor of w and 6.
6
Let q = -30 - -38. Calculate the highest common factor of 24 and q.
8
Let y = 75 + -66. Calculate the highest common factor of y and 279.
9
Suppose -4*x + 23 = -21. Let g = 30 + 28. Suppose k + 4*h = 9 + 6, 0 = -5*k - 3*h + g. Calculate the greatest common factor of x and k.
11
Let q = 1 + 4. Suppose 4*x - 3*x - 40 = -q*o, -4*o - 4*x + 48 = 0. Suppose 2*h + 2*m = 26, o*h - 49 = 3*h - m. What is the greatest common factor of h and 12?
12
Let n(b) = -b**3 - 3*b**2 + b - 3. Let o be n(-4). Let w = -11 + 20. Suppose -3*f - w = -90. What is the greatest common divisor of f and o?
9
Let x(q) = 5*q**2 - 4*q + 4. Let y be x(2). What is the highest common factor of y and 8?
8
Let a = 8 - -14. Suppose g = -g + a. Calculate the greatest common divisor of 11 and g.
11
Suppose 0*c + 2*c + 42 = 0. Let k = -15 - c. What is the highest common divisor of 48 and k?
6
Let o = -27 - -52. What is the highest common factor of o and 5?
5
Let h(z) = -z + 1. Suppose 0 = d - 5*t + 28, -2*d + 5*t = 3*d + 80. Let p be h(d). Let g = 74 - -38. What is the highest common divisor of p and g?
14
Suppose 4*l + 5*t = 117, -4*t + 3*t - 83 = -3*l. What is the highest common factor of 308 and l?
28
Suppose 5*z - 36 = 24. Calculate the greatest common factor of 36 and z.
12
Let o = 11 - 8. Suppose -4*n + 7 - 21 = -o*h, 0 = -3*h + 2*n + 10. What is the greatest common divisor of h and 1?
1
Let u be 20/9 - (-2)/(-9). Let w be 2/3*3/u. Let r = 8 + w. What is the greatest common divisor of 99 and r?
9
Let v(f) = 31*f**2 + 2*f - 1. Let o be v(1). Calculate the highest common factor of 4 and o.
4
Suppose -45 = -5*s - 4*b, 0*s - 30 = -4*s - 2*b. Let y(g) = -g**2 - 20*g - 20. Let q be y(-15). What is the highest common factor of q and s?
5
Let d = -3 + -1. Let a be ((-1)/2)/(d/(-8)). Let g be a + (4 - (3 + -1)). Calculate the highest common factor of g and 2.
1
Let f = -24 - 16. Let s = -20 - f. Calculate the greatest common divisor of 8 and s.
4
Suppose 31*v + 52 = 35*v. Calculate the highest common factor of 13 and v.
13
Suppose -5*h = -0*h. Suppose 8 = -h*b + 4*b. Suppose 4*f - 46 = -b. What is the highest common factor of 121 and f?
11
Let r be 143/3 + (-2)/(-6). What is the highest common factor of r and 32?
16
Let v = 21 - -120. Let x = -53 + v. Let j = x - 7. What is the greatest common divisor of 9 and j?
9
Let s be 2/(-10) - (-456)/30. What is the greatest common factor of s and 45?
15
Let m be 36/(-4)*9/(-3). What is the greatest common divisor of 9 and m?
9
Suppose n - 52 = 18. Suppose j + 26 = n. What is the greatest common factor of 11 and j?
11
Let q = -2 - 0. Let r(o) = o**2 - 3*o - 1. Let d be r(q). Suppose 0 = 5*s - 97 + 7. What is the highest common factor of d and s?
9
Suppose 5*n + 2*w = n - 2, n - 4 = w. Let j be -4 + 3 + 44/n. Let x = -25 + j. Calculate the greatest common factor of x and 90.
18
Let i = 10 + -6. Suppose -5*p + 1 = -i*p. Let t(u) = 3*u. Let k be t(1). Calculate the greatest common divisor of k and p.
1
Let t(o) = 9*o. Let j be t(1). Let d = 17 + -12. Suppose -d*v + 228 + 132 = 0. What is the highest common divisor of v and j?
9
Suppose 0 = -2*w + 5*w - 162. Suppose -165 = -2*v + 15. Suppose -v = -3*z - 2*z. Calculate the greatest common factor of z and w.
18
Let k = -5 - -3. Let b be (0 - k) + -1 - -2. Suppose -b*f - 5*q = -241, 2*f + 3*q - 64 = 95. Calculate the highest common divisor of 9 and f.
9
Let s = 35 - 9. Calculate the highest common divisor of s and 13.
13
Let p be -2*(-1 + 2 + -2). Suppose 4*i + 2 = -2*w, -3*w - w + 4 = 0. Let t be (1/i)/1*-3. Calculate the highest common divisor of t and p.
1
Suppose 0 = -2*w + 4*w - 56. Let p = -14 + w. Suppose -p = -y + 13. Calculate the highest common divisor of y and 3.
3
Let h(b) = 4*b + 1. Let u be h(-6). Let c = -7 - u. What is the highest common divisor of c and 2?
2
Suppose 0 = 4*d - 5*d + 8. Suppose 0 = -5*j - 2*p + 36, p = 4*j - 3*p - 12. Let h be j/(-9) - 124/(-6). What is the greatest common factor of d and h?
4
Let s be 2 - 4/3*-51. Suppose 5*t + 2 = 52. What is the greatest common divisor of s and t?
10
Let y(b) = -3*b + 2. Let v be y(-6). Let i = 130 - -30. Calculate the greatest common factor of i and v.
20
Let x be -3*1*(3 + 8/(-2)). What is the highest common divisor of x and 3?
3
Let p = -299 - -431. Calculate the greatest common divisor of 33 and p.
33
Suppose -b = -2*b + 17. Suppose 2*a - 15 = b. Calculate the highest common divisor of 8 and a.
8
Let u be 24/16*8/6. Suppose -3*v + 11 - u = 0. Let l be v/((-3)/(-7))*12. What is the greatest common factor of 12 and l?
12
Suppose 11*l - 126 = -7*l. Suppose i + 2 = j + 1, 5*i = 0. What is the highest common divisor of j and l?
1
Let v = 2 - -1. Suppose 4*o - 431 = -o + v*z, -4*o + 344 = -2*z. Calculate the greatest common factor of o and 17.
17
Suppose -3*k + 19 = -11. Calculate the highest common divisor of 70 and k.
10
Suppose 0 = 3*t - 191 - 187. What is the greatest common divisor of t and 14?
14
Let r = -4 - -26. Suppose 0 = 4*z - 2 - r. What is the highest common factor of 18 and z?
6
Let u = 61 - 54. What is the highest common factor of 35 and u?
7
Let z = 124 - 110. Calculate the highest common factor of z and 14.
14
Suppose t - 108 = -3*t. Suppose 3*p = -2*k + 33, 0*p - t = -3*k + 3*p. What is the highest common divisor of 96 and k?
12
Let f = 75 + -28. What is the highest common factor of 329 and f?
47
Suppose 4*o - o - 5*u = 1249, u + 419 = o. Calculate the greatest common factor of 47 and o.
47
Let r be (-1)/1 - (-5 + 4). Suppose r = 3*o - 6 - 6. Suppose -o*f = 2*m + m - 38, 0 = 5*m - 2*f - 46. What is the highest common factor of 40 and m?
10
Suppose 0 = -13*o + 83 + 151. What is the greatest common factor of o and 72?
18
Suppose -9 = -3*n - 5*j, -3*j + 8*j = 5*n - 15. Suppose -58 + 10 = -n*z. What is the greatest common factor of z and 24?
8
Let i = -1 - -2. Let t be (-1)/(-1) - (-2)/i. Let y = -27 - -60. What is the highest common factor of y and t?
3
Suppose 3*h + 3*s = 165 + 1041, -3*h + 2*s + 1221 = 0. What is the highest common divisor of 45 and h?
45
Suppose 0 = 3*h - g - 64, -5*g = 17 + 3. Calculate the highest common divisor of 30 and h.
10
Suppose 0 = 3*m - 13 - 83. Let y be (-13 - 7)*-2*2. What is the highest common factor of y and m?
16
Let g(x) be the second derivative of 2*x**3/3 - x. Let t be g(6). Let h be (0 - 54)*8/(-12). Calculate the highest common factor of h and t.
12
Let z be (-8)/12*(-1053)/6. What is the highest common divisor of z and 78?
39
Let x be (1*72/(-6))/(2/(-3)). Calculate the highest common divisor of 54 and x.
18
Suppose 0 = 2*f - 2*v - 134, v = -2*f - 89 + 223. What is the highest common factor of 268 and f?
67
Let h = -10 + 7. Let t = h + 7. Suppose -t*p + 3 + 77 = 0. Calculate the highest common factor of 20 and p.
20
Let y(q) = q**2 + 10*q - 2. Suppose p + 14 = -3*x + 2*x, -2*p = -3*x - 27. Let l be y(x). Calculate the highest common factor of 45 and l.
9
Suppose 0 = -4*b + 4*d + 68, -3*d = 5*b + 11 - 56. Let a = -5 - -2. Let h be b/18 + (-40)/a. What is the highest common factor of 70 and h?
14
Suppose -101 = -3*a + 49. Calculate the highest common factor of 10 and a.
10
Let d(f) = -f + 5. Let o be d(8). Let t be 3/o*-7*6. What is the highest common factor of 6 and t?
6
Suppose o = 4*p - 137, o = 3*p - 0*o - 104. Calculate the greatest common factor of p and 231.
33
Suppose -2*f + 17 = -97. Calculate the greatest common factor of f and 76.
19
Let y(l) = 14*l - 7. Let b be y(8). Calculate the greatest common divisor of b and 35.
35
Let c be 2/(-2) + 2 + 0. Suppose -3*p + 4*p - l - 3 = 0, -3*l - c = -p. Let j = -25 + 26. What is the highest common divisor of p and j?
1
Let v(k) = k**3 - 10*k**2 + 9*k + 10. Let p be v(9). Suppose z = 2, -2*w + z + 21 + 27 = 0. What is the highest common divisor of p and w?
5
Let c(k) = 5*k - 29. Let x be c(6). What is the highest common factor of x and 4?
1
Let r be (5 - (-71 + 4))/(2 - 1). Let q(n) = n**2 - n - 3. Let v be q(4). What is the greatest comm